= v - -124. Calculate the remainder when w is divided by 20.
19
Suppose -5 = 3*d - 8*d. Let q(y) = 2*y**2 - y. Calculate the remainder when 2 is divided by q(d).
0
Suppose 2*o - 21 = -o. Let g = o + -9. Let k = 17 + g. What is the remainder when 29 is divided by k?
14
Let q = 39 - 27. Let p(a) = 2*a - a**3 - 4*a**2 - 7 - 9*a + 2*a**3. Calculate the remainder when p(6) is divided by q.
11
Suppose 0 = -2*x + 2*g + 4, -4*x + 37 = g + 4. Calculate the remainder when x is divided by 6.
1
Let q = 5 + 10. Suppose t - 2*t = -5*n + 30, 0 = -5*t. What is the remainder when q is divided by n?
3
Let t(j) = j**2 - j - 3. Calculate the remainder when 43 is divided by t(-3).
7
Suppose -2*t + 12 = -4*z - 0, -4*t = 5*z - 76. What is the remainder when 61 is divided by t?
5
Suppose 0 = -0*i - 4*i + 80. Calculate the remainder when 37 is divided by i.
17
Let j = 4 - 0. Suppose 10 = 5*u - w, 34 = j*u + 4*w + 2. Suppose 0 = -2*a - 2*a + 16. What is the remainder when a is divided by u?
1
Let q(y) = -y**3 + 4*y**2 - y + 4. Let z be q(4). Let n(p) = -p**3 - 8*p**2 - 2*p - 10. What is the remainder when (-51)/(-6)*2 - z is divided by n(-8)?
5
Suppose l - 19 = 3*h, l - 15 = -2*h + 4*h. Let n be (-9)/2*(l - 5). Calculate the remainder when 23 is divided by 2/n + 440/36.
11
Let s = 53 + -30. Suppose -5*g = -j - 60, 3 = 2*g + 4*j - 43. What is the remainder when s is divided by g?
10
Suppose -u + 6 = -6. Calculate the remainder when 35 is divided by u.
11
Suppose -6*h - 2*h + 64 = 0. Calculate the remainder when 62 is divided by h.
6
Let i = 47 - 24. What is the remainder when i is divided by 13?
10
Let a(q) = -q**3 + 5*q**2 + 4*q + 6. Let t(n) = -n**3 + 7*n**2 + 10*n - 7. Calculate the remainder when a(5) is divided by t(8).
8
Suppose -2*a + 5*z = -9, -4*a + 0*z = 3*z - 83. Calculate the remainder when a is divided by 7.
3
Suppose 0 = -4*n - 2*i - 146, 3*n + 4*i - 24 + 136 = 0. Let f = -25 - n. Let y = 61 + -30. Calculate the remainder when y is divided by f.
9
Let s(y) = -y + 2. Suppose 5*k + 5 = 15. Let n be ((-6)/(-4))/((-1)/k). Calculate the remainder when s(n) is divided by 3.
2
Suppose -224 = -5*d + 16. Let y(m) = 5*m - 8. Calculate the remainder when d is divided by y(5).
14
Let r = 108 + -94. What is the remainder when r is divided by 8?
6
Suppose -3*a = -0*a - 3*s - 84, -5*a - 2*s = -112. Calculate the remainder when 92 is divided by a.
20
Let m = 0 + 4. Let a = m + 2. Calculate the remainder when 17 is divided by a.
5
What is the remainder when 22 is divided by (-2 + 8/1)*(-3)/(-2)?
4
Suppose -30*f + 18 = -29*f. What is the remainder when 51 is divided by f?
15
Let c(r) = -r**3 + r**2 - r + 19. What is the remainder when 92 is divided by c(0)?
16
Let f = 23 - 21. Calculate the remainder when f is divided by 1.
0
Let o(g) = -g - 5. Let l be o(-7). Suppose 0 = a + l*a - 9. Calculate the remainder when 6 is divided by a.
0
Let n(z) = -z**3 - 4*z**2 + 3. Let t be n(-5). Suppose t = 4*j - 4. Suppose 0 = -4*i + 8 + 12. Calculate the remainder when j is divided by i.
3
Let a(h) = h - 1. Calculate the remainder when 13 is divided by a(6).
3
Let p(b) = -b**3 - 4*b**2 - 5*b + 3. Calculate the remainder when 133/2 - 2/(-4) is divided by p(-4).
21
Suppose g = -4*c + 203, 0 = c - 5*g - 9 - 26. Calculate the remainder when c is divided by 13.
11
Let y = -7 + 0. Let n = -25 + 44. Let j = n - y. Calculate the remainder when j is divided by 14.
12
Suppose 150 - 162 = -4*c. What is the remainder when 24 is divided by c?
0
Suppose 13*k = 18*k - 740. Calculate the remainder when k is divided by 15.
13
Suppose 25 + 10 = 2*y - 5*k, y - 34 = -3*k. Calculate the remainder when y is divided by 9.
7
Suppose -6*o + 7*o = 4. What is the remainder when 10 is divided by o?
2
Suppose -v = -5*v - 24. Let y = 17 + v. Suppose -25 = -h + x, -2*x = -5*x - 15. Calculate the remainder when h is divided by y.
9
Let g(z) = -z + 4. Suppose 4*s - 8 = y - 5*y, 10 = -2*s. What is the remainder when y is divided by g(0)?
3
Suppose -5*r - 4*v + 114 = -3*v, -4*r + 95 = -3*v. What is the remainder when r is divided by 14?
9
Suppose 60 = -3*f + 6*f. What is the remainder when f is divided by 7?
6
Let p(t) be the second derivative of t**4/12 + 5*t**3/6 + t**2 - 4*t. What is the remainder when p(-7) is divided by 9?
7
Suppose -2*q = 19 - 85. Let h be ((-8)/10)/(2/(-5)). Let p = h + q. Calculate the remainder when p is divided by 9.
8
Let n(p) = 2*p**2 - 8*p - 1. What is the remainder when 41 is divided by n(6)?
18
Suppose -3*h = -o + 11 - 25, -2*h = o - 11. Let u(d) = -3 - 5*d - 1 - 2. Calculate the remainder when u(-4) is divided by h.
4
Suppose 4*d - 3*d - 6 = 0. Suppose 2*n + 4 = 0, -q - 3*n - 41 = -d*q. Let c(y) = -2*y - 2. What is the remainder when q is divided by c(-3)?
3
Let o(c) = c + 1. Suppose y + 4*l = 12, -6*l + 2*l + 16 = 0. Let d be -1*(y + 1 - 0). What is the remainder when o(d) is divided by 3?
1
Let y = 11 + 10. Let s be (-68)/16 + 2/8. Calculate the remainder when (-2)/s - (-79)/2 is divided by y.
19
Suppose -4*l + x = l - 581, -4*l = 2*x - 476. What is the remainder when l is divided by 20?
17
Let z = 55 - 23. Let j(g) = g**3 + 6*g**2 + 3*g + 1. What is the remainder when z is divided by j(-5)?
10
Let y = -136 + 144. Calculate the remainder when 38 is divided by y.
6
Let u(v) = -v + 8. Suppose 0 = -j - 1 - 1, -14 = -3*n + 4*j. Calculate the remainder when u(3) is divided by n.
1
Let k(o) be the third derivative of o**4/8 + o**3/6 - o**2. Calculate the remainder when ((-2)/(-6))/(3/342) is divided by k(4).
12
Suppose -4*u - 19 = -67. What is the remainder when 2*(-2 + (-54)/(-4)) is divided by 4/u - 76/(-6)?
10
Suppose -41*n = -35*n - 204. Calculate the remainder when 131 is divided by n.
29
Let d(a) be the first derivative of -2*a**3/3 + 3*a**2 + 4*a + 2. Let b be d(5). What is the remainder when 58 is divided by (-312)/b + (-1)/(-2)?
18
Suppose 2*t + 2*t = -296. Let s = -1 - t. Calculate the remainder when s is divided by 19.
16
Let d(h) = -h + 14. Let l be d(11). Suppose 0 = l*o - 5*j - 46, 0 = -j - 3*j - 8. What is the remainder when o is divided by 5?
2
Let l be 2/9 - (-52)/9. Suppose -y + l = y. Suppose 79 = y*i - 2*m - 3*m, 4*i - 115 = -3*m. Calculate the remainder when 54 is divided by i.
26
Let v = 20 - 19. Let r(g) = 5*g**2 - g + 2. What is the remainder when 16 is divided by r(v)?
4
Let y = -3 + 7. Suppose -y*a + 12 = -12. What is the remainder when 11 is divided by a?
5
Let t(o) = 2*o**2 + 7*o + 6. Calculate the remainder when (-1)/2*(-81 - -3) is divided by t(-4).
9
Let d = -4 + 0. Let b(v) = -v**2 + 4*v - 3. Let y be b(2). Calculate the remainder when (-1 - y) + (15 - d) is divided by 9.
8
Suppose 3*o + o - 40 = 0. Suppose -4*i + 98 = -2*h, h - o - 16 = -i. What is the remainder when i is divided by 14?
11
Let g = 3 + 0. Calculate the remainder when 5 is divided by g.
2
Suppose 2*d - d - 79 = 0. Let n(q) = 2*q - 1. What is the remainder when d is divided by n(14)?
25
Let b(y) = y**3 + 7*y**2 + 3*y - 7. Let u(k) = -k**3 - k**2 - k + 6. Calculate the remainder when b(-6) is divided by u(0).
5
Let q = -86 + 128. Calculate the remainder when q is divided by 22.
20
Calculate the remainder when (-2 - -3) + 93/3 is divided by 18.
14
Let h be -5*(4 + -2 + -3). Let o(a) = a - 3. Let n be o(h). Suppose n*d + 2 = 64. What is the remainder when d is divided by 11?
9
What is the remainder when 14 is divided by -2*((4 - 4) + -2)?
2
Let n be 2/4*(-5 + 9). Let o(x) = 3*x - 3. Let z be o(n). Let b(k) = 2*k**2 - 2*k - 1. What is the remainder when b(z) is divided by 4?
3
Suppose -3*k = -0*k + 6. Let x be -1 + (18 - -2 - k). Let q = x + -15. What is the remainder when 17 is divided by q?
5
What is the remainder when 5 is divided by ((-8)/5)/((-189)/35 + 5)?
1
Calculate the remainder when 4/22 - (-625)/11 is divided by 12.
9
Suppose -5*v + 75 = 2*q, 0*v - 205 = -4*q + v. Calculate the remainder when q is divided by 13.
11
Suppose 0*m = 4*m + 12, 5*m = -2*y + 11. Let a(k) = 5*k - 2. Calculate the remainder when y is divided by a(2).
5
Suppose -4*z + o + 27 = 2*o, -5*z = -o - 27. Let r = 32 + -8. Suppose 0 = 3*f - 2*i - 50, -3*i - 27 = -3*f + r. Calculate the remainder when f is divided by z.
4
Let p = -5 + 10. Suppose -2*n + 5*x - 37 = -5*n, -3*x + 67 = p*n. What is the remainder when n is div